{"id":54,"date":"2012-01-30T16:04:39","date_gmt":"2012-01-30T16:04:39","guid":{"rendered":"http:\/\/drayen.com\/?page_id=54"},"modified":"2025-11-07T15:54:36","modified_gmt":"2025-11-07T15:54:36","slug":"a-propos","status":"publish","type":"page","link":"https:\/\/drayen.com\/?page_id=54","title":{"rendered":"A propos"},"content":{"rendered":"<p><!--:fr-->Tous les contenus pr\u00e9sents sur&nbsp;drayen.com&nbsp;sont prot\u00e9g\u00e9s par le code de la propri\u00e9t\u00e9 intellectuelle, la l\u00e9gislation sur le droit d\u2019auteur et les droits voisins. Toute reproduction, totale ou partielle, des contenus musicaux, video, textuels et iconographiques de ce site, est interdite sans autorisation \u00e9crite pr\u00e9alable de leurs auteurs respectifs.<\/p>\n<p><strong>Mentions l\u00e9gales:<\/strong><\/p>\n<p><strong>Webmaster:<\/strong> Claudia Jarocki &#8211; <a title=\"cr\u00e9ation de sites internet 37\" href=\"http:\/\/www.web-computer-tours.com\" target=\"_blank\" rel=\"noopener noreferrer\">Web Computer Tours<\/a><\/p>\n<p><strong>Editeur:<\/strong> Tandrayen Labie<\/p>\n<p><strong>H\u00e9bergeur:<\/strong> <a href=\"http:\/\/clk.tradedoubler.com\/click?p=72890&amp;a=1857362&amp;g=17388260\" target=\"_blank\" rel=\"noopener noreferrer\">Hostinger<\/a>&nbsp;<!--:--><\/p>\n\n\n<p><\/p>\n","protected":false},"excerpt":{"rendered":"<p>Tous les contenus pr\u00e9sents sur&nbsp;drayen.com&nbsp;sont prot\u00e9g\u00e9s par le code de la propri\u00e9t\u00e9 intellectuelle, la l\u00e9gislation sur le droit d\u2019auteur et les droits voisins. Toute reproduction, totale ou partielle, des contenus musicaux, video, textuels et iconographiques de ce site, est interdite sans autorisation \u00e9crite pr\u00e9alable de leurs auteurs respectifs. Mentions l\u00e9gales: Webmaster: Claudia Jarocki &#8211; Web &hellip; <\/p>\n<p class=\"link-more\"><a href=\"https:\/\/drayen.com\/?page_id=54\" class=\"more-link\">Lire la suite de<span class=\"screen-reader-text\">\u00ab\u00a0A propos\u00a0\u00bb<\/span><\/a><\/p>\n","protected":false},"author":2,"featured_media":0,"parent":0,"menu_order":10,"comment_status":"closed","ping_status":"closed","template":"","meta":{"ngg_post_thumbnail":0,"inspiro_hide_title":false,"footnotes":""},"class_list":["post-54","page","type-page","status-publish","hentry"],"_links":{"self":[{"href":"https:\/\/drayen.com\/index.php?rest_route=\/wp\/v2\/pages\/54","targetHints":{"allow":["GET"]}}],"collection":[{"href":"https:\/\/drayen.com\/index.php?rest_route=\/wp\/v2\/pages"}],"about":[{"href":"https:\/\/drayen.com\/index.php?rest_route=\/wp\/v2\/types\/page"}],"author":[{"embeddable":true,"href":"https:\/\/drayen.com\/index.php?rest_route=\/wp\/v2\/users\/2"}],"replies":[{"embeddable":true,"href":"https:\/\/drayen.com\/index.php?rest_route=%2Fwp%2Fv2%2Fcomments&post=54"}],"version-history":[{"count":1,"href":"https:\/\/drayen.com\/index.php?rest_route=\/wp\/v2\/pages\/54\/revisions"}],"predecessor-version":[{"id":1227,"href":"https:\/\/drayen.com\/index.php?rest_route=\/wp\/v2\/pages\/54\/revisions\/1227"}],"wp:attachment":[{"href":"https:\/\/drayen.com\/index.php?rest_route=%2Fwp%2Fv2%2Fmedia&parent=54"}],"curies":[{"name":"wp","href":"https:\/\/api.w.org\/{rel}","templated":true}]}}