{"id":37,"date":"2012-01-27T13:13:59","date_gmt":"2012-01-27T13:13:59","guid":{"rendered":"http:\/\/drayen.com\/?page_id=37"},"modified":"2025-11-08T13:48:02","modified_gmt":"2025-11-08T13:48:02","slug":"liens","status":"publish","type":"page","link":"https:\/\/drayen.com\/?page_id=37","title":{"rendered":"Liens"},"content":{"rendered":"<p><!--:fr--><strong>Sites amis:<\/strong><\/p>\n<p>Ecoles de musique:<\/p>\n<ul>\n<li><a title=\"\u00e9cole de musique \u00e0 Tours\" href=\"http:\/\/www.tousenscene.com\" target=\"_blank\" rel=\"noopener\">Association Tous En Sc\u00e8ne : \u00e9cole de musiques actuelles<\/a><\/li>\n<\/ul>\n<p>Groupes &amp; Musiciens:<\/p>\n<ul>\n<li><a title=\"groupe vocal gospel\" href=\"http:\/\/maniwata.fr\" target=\"_blank\" rel=\"noopener\">Maniwata: Groupe vocal gospel<\/a><\/li>\n<li><a href=\"https:\/\/www.zappybirthdaymisterfrank.com\" target=\"_blank\" rel=\"noopener\">Zappy Birthday Mister Frank<\/a><\/li>\n<li><a href=\"http:\/\/tryogenic.free.fr\/\" target=\"_blank\" rel=\"noopener\">Tryogenic : reprises vari\u00e9t\u00e9s fran\u00e7aises et internationales&nbsp;<\/a><\/li>\n<li><a href=\"http:\/\/jimnastik.wix.com\/jeanmarcherbreteau\" target=\"_blank\" rel=\"noopener\">Jean-Marc Herbreteau<\/a><\/li>\n<li><a title=\"Groupe de rock progressif\" href=\"http:\/\/www.progressionbyfailure.com\" target=\"_blank\" rel=\"noopener\">Progression By Failure : groupe de rock progressif<\/a><\/li>\n<\/ul>\n<p>Communication:<\/p>\n<ul>\n<li><a href=\"https:\/\/agencevivante.fr\">Agence vivante : Agence de communication.<\/a>&nbsp;<\/li>\n<li><a href=\"http:\/\/www.gaellebcphotographe.fr\/\" target=\"_blank\" rel=\"noopener\">GaelleBC&nbsp;: Photographe.<\/a><\/li>\n<\/ul>\n\n\n<p><\/p>\n","protected":false},"excerpt":{"rendered":"<p>Sites amis: Ecoles de musique: Association Tous En Sc\u00e8ne : \u00e9cole de musiques actuelles Groupes &amp; Musiciens: Maniwata: Groupe vocal gospel Zappy Birthday Mister Frank Tryogenic : reprises vari\u00e9t\u00e9s fran\u00e7aises et internationales&nbsp; Jean-Marc Herbreteau Progression By Failure : groupe de rock progressif Communication: Agence vivante : Agence de communication.&nbsp; GaelleBC&nbsp;: Photographe.<\/p>\n","protected":false},"author":2,"featured_media":0,"parent":0,"menu_order":6,"comment_status":"closed","ping_status":"open","template":"","meta":{"ngg_post_thumbnail":0,"inspiro_hide_title":false,"footnotes":""},"class_list":["post-37","page","type-page","status-publish","hentry"],"_links":{"self":[{"href":"https:\/\/drayen.com\/index.php?rest_route=\/wp\/v2\/pages\/37","targetHints":{"allow":["GET"]}}],"collection":[{"href":"https:\/\/drayen.com\/index.php?rest_route=\/wp\/v2\/pages"}],"about":[{"href":"https:\/\/drayen.com\/index.php?rest_route=\/wp\/v2\/types\/page"}],"author":[{"embeddable":true,"href":"https:\/\/drayen.com\/index.php?rest_route=\/wp\/v2\/users\/2"}],"replies":[{"embeddable":true,"href":"https:\/\/drayen.com\/index.php?rest_route=%2Fwp%2Fv2%2Fcomments&post=37"}],"version-history":[{"count":2,"href":"https:\/\/drayen.com\/index.php?rest_route=\/wp\/v2\/pages\/37\/revisions"}],"predecessor-version":[{"id":1273,"href":"https:\/\/drayen.com\/index.php?rest_route=\/wp\/v2\/pages\/37\/revisions\/1273"}],"wp:attachment":[{"href":"https:\/\/drayen.com\/index.php?rest_route=%2Fwp%2Fv2%2Fmedia&parent=37"}],"curies":[{"name":"wp","href":"https:\/\/api.w.org\/{rel}","templated":true}]}}